8*m**2 + 3*m - 6. Suppose 5 = -2*o - 3. Let a(x) = -x**3 + x**2 + 1. Let f(i) = o*a(i) - h(i). Suppose 2*t - 3 - 3 = 0. Give f(t).
2
Let w be 2 + -5 - (-1)/(-1). Let k(q) = 3*q. Let l(j) = -6*j. Let g(s) = w*l(s) - 7*k(s). What is g(-1)?
-3
Suppose -68 = -3*m - 41. Let l(f) = -f**3 + 9*f**2 - 7. Give l(m).
-7
Let c(h) = 13*h**2 - h - 27. Let u(s) = 7*s**2 - s - 14. Let k(n) = -6*c(n) + 11*u(n). Calculate k(-6).
2
Suppose -15 - 13 = -4*v. Let o(u) = u**3 - 6*u**2 - 6*u. Calculate o(v).
7
Let f(u) = -2*u**2 + 5*u + 6. Suppose 5*k = -4*j + 15, -5*j - k + 7 + 17 = 0. Give f(j).
-19
Let s(j) = -10*j**3 + 2*j**2 - 2*j + 1. Let c be (1 - 1)*(-3)/6. Suppose 2*h + c*m = -3*m - 4, -2*h = m. Determine s(h).
-9
Let j(q) = -3*q - 21. Let i be j(-7). Let m(t) = t + 4. Give m(i).
4
Let b(x) be the second derivative of x**3/6 - 11*x**2/2 - 3*x. Give b(5).
-6
Let r(q) be the first derivative of q**4/4 - q**3/3 + q**2/2 + q + 1. Let j be r(2). Suppose -j*g + 3*a + 4 = -2*g, 4*a + 7 = 5*g. Let u(x) = x. Give u(g).
-1
Let u(a) = a**3 - 3*a**2 + a + 2. Let b(i) = -7*i**2 + 2*i**2 + 48*i**3 + 2 - 47*i**3. Let v be b(5). Give u(v).
0
Let z = 2 - 0. Suppose 0 = -0*a - a - z. Let q(f) = f**2 + f - 2. Determine q(a).
0
Let z(g) = g + 5. Suppose 5*m + 4*i + 16 = 0, 0 = m - i + 1 + 4. Let h be 90/(-12)*m/(-6). Determine z(h).
0
Let x = -8 - -11. Suppose t + 0*y + 5*y = 1, -t + x*y + 1 = 0. Suppose -t + 5 = -g. Let h(o) = o + 5. Determine h(g).
1
Let l be (1*10)/(-21 - -19). Let a(s) = s**3 + 6*s**2 + 4*s + 5. What is a(l)?
10
Let t(j) = -8*j + 4. Let x(o) = 11*o - 10. Let k(r) = 6*r - 5. Let s(m) = 7*k(m) - 3*x(m). Let z(c) = 3*s(c) + 4*t(c). What is z(-1)?
6
Let i(u) = -4*u**3 + 7*u**2 - 4*u - 6. Let l(x) = 5*x**3 - 7*x**2 + 3*x + 5. Let c(z) = -6*i(z) - 5*l(z). Calculate c(-8).
3
Let f be 1/1*(-1 - -3). Suppose 2 = f*z - 4*z. Let s(o) be the first derivative of -o**3/3 + o + 3. Give s(z).
0
Let k(c) be the first derivative of 7*c**3/3 - c**2/2 + c - 11. Give k(1).
7
Suppose -4*m = -8 + 16. Let w(u) = -10*u - 2. Calculate w(m).
18
Suppose 0 = h - 0*h. Let x(c) = 0 + 2*c**2 - 2 + c**2 - c**3 + 3*c + h*c**3. Calculate x(3).
7
Let w(g) = -13*g - 2*g**2 - 6 + 3*g**2 + 0*g**2 + 4*g. What is w(8)?
-14
Let j be (-28)/(-36) - (-2)/9. Suppose -3*w + 3 = 5*h - 2, 3*w = h + 17. Let n(r) = -w*r**2 + 2*r**2 - 1 + r**2. What is n(j)?
-3
Let o(w) = 14 - 12 + w - 11. Give o(0).
-9
Suppose 7 = -5*v - 23. Let u = 32 + -4. Let s(y) = u*y**2 + 1 + 1 - 22*y**2 + y**3. Give s(v).
2
Let f(k) = k**2 - 2*k - 1. Let r be f(3). Let b(q) = -r*q + 1 + 4*q + 4 - 2. Let l(v) = v**3 + 4*v**2 - 3. Let j be l(-4). Give b(j).
-3
Let n(j) = -5*j**2 + 6*j + 17. Let x(q) = -q**2 - q + 1. Let o(f) = -n(f) + 4*x(f). Give o(11).
-2
Let r(k) = -k + 6. Suppose 0 = 3*t + 2*s - 8, 5*t = s - 4*s + 14. Give r(t).
2
Let n(w) be the second derivative of -w**3/6 - w**2 - 16*w. Calculate n(-4).
2
Let w(h) = h**3 + 4*h**3 + 6*h + 2*h - 10*h**2 - 4*h**3. Calculate w(9).
-9
Let n(j) = j**3 + 2*j**2 + j + 3. Suppose 0 = 4*a - 3*k - 17, 4*a - 2*k - 20 = 2*k. Suppose 0 = 3*l + a*l + 15. What is n(l)?
-9
Let l(g) = -4*g**2 + g**2 + 3*g - g + 4*g**2 + 3. Calculate l(-4).
11
Let z(n) be the third derivative of 0 + 1/8*n**4 - 2*n**2 + 1/60*n**5 - 1/2*n**3 + 0*n - 1/120*n**6. Determine z(2).
-1
Let g(z) = z - 2. Let w(y) = y**2 - 9*y + 9. Let d be w(7). Give g(d).
-7
Let x(y) = 6*y**2 - 2*y**3 + 6*y**3 - 3 - 3*y**3 + 4*y. What is x(-5)?
2
Let r(h) = -h - 8. Let v(l) be the first derivative of -l**3/3 - 4*l**2 + 9*l - 2. Let m be v(-9). Determine r(m).
-8
Let i be (20/7 + -2)/(6/(-28)). Let k(z) = -3 + 2 + 4*z + z**2 + 5. Calculate k(i).
4
Let z(q) be the third derivative of q**5/20 + q**4/6 + q**3/3 - q**2. Suppose -3*w + 8*w - 45 = 0. Let t = -11 + w. Give z(t).
6
Let a(p) be the second derivative of 10*p**3/3 - p**2/2 - 31*p. Calculate a(1).
19
Let x(r) = r**2 + 4*r - 5. Let u = -5 + 41. Suppose 6*a = -0*a - u. Give x(a).
7
Suppose -91*s + 16 = -107*s. Let r(o) be the third derivative of -o**6/60 - o**5/30 - o**4/12 - o**3/6 - o**2. Determine r(s).
1
Let a(p) be the third derivative of -2*p**2 + 0*p + 0 + 0*p**3 + 1/6*p**4. What is a(-1)?
-4
Suppose 3*p - 37 = -19. Let f(v) = v**2 - 5*v + 1. Determine f(p).
7
Let f(o) = 2*o**2 - 4*o + 2. Suppose 4*n + 4*c = -c + 4, n - 1 = 5*c. Suppose 5*z - 16 = -n. Determine f(z).
8
Let w(x) = 4*x**3 + 3*x**2 - 5*x + 5. Let c(s) = s**3 + 1. Let z(l) = 3*c(l) - w(l). Give z(-4).
-6
Let m(i) be the third derivative of i**6/120 - i**5/10 + i**4/8 + i**3/2 - 2*i**2. Let p be (-2 - 3)*(-4 + 3). Calculate m(p).
-7
Let l(v) = -v - 1. Suppose 3*u = 26 - 8. Determine l(u).
-7
Let j(z) = z**2 + 3*z + 3. Let n be j(-2). Let o = n - 1. Let r(t) = -4*t**2 + 5*t**2 - 3 + t + 0*t. Determine r(o).
-3
Suppose -29 - 1 = 5*g. Let f(q) = -q**3 + 5*q**2 + 7*q + 9. Let c(x) = -4*x**3 + 14*x**2 + 21*x + 27. Let a(s) = 2*c(s) - 7*f(s). What is a(g)?
-3
Let p be 8/(0 + 1) - 4. Suppose 0 = 2*f - 2 - 2. Let m(t) = -7*t + t + 1 + 0*t**2 + f*t + t**2. Determine m(p).
1
Let w(l) = 2*l**3 - 7*l**2 - 4*l + 3. Let k be w(4). Suppose 24 - 6 = k*y. Let h(d) = -d**3 + 5*d**2 + 3*d + 8. Calculate h(y).
-10
Let w be (4 - -3)*4/14. Suppose 5*g = 0, -w*x + g = -0*g. Suppose 4*d + 16 = -p - x*p, 3*p + 3*d + 21 = 0. Let k(v) = v - 4. Calculate k(p).
-8
Let p(x) = -5*x**3 - 2*x**2 + 5*x + 14. Let v(d) = -d**3 + d**2 - d + 1. Let z(b) = p(b) - 4*v(b). Let l be z(-7). Let f(c) = -c + 2. What is f(l)?
6
Let b(g) = g**3 - g + 14. Suppose 3*z - z = 0. Calculate b(z).
14
Let a(o) = -13*o**3 + 13*o**2 - 13*o - 32. Let j(i) = 3*i**3 - 3*i**2 + 3*i + 8. Let p(q) = 2*a(q) + 9*j(q). Let m be -5 - (1/1 - 6). Determine p(m).
8
Let t(j) = -j**2 + 9*j - 3. Let z = 106 - 99. What is t(z)?
11
Let n be 2 + (-2 - -5)/1. Suppose -n*h - 23 = -3. Let q be (6/h)/((-9)/(-12)). Let m(c) = -2*c**3 - 4*c**2 - 3*c - 2. Calculate m(q).
4
Let f(n) = -n - 7. Let z = 8 + -11. Let s(t) = t + 7. Let y(v) = z*s(v) - 2*f(v). Suppose 2*d - 3*b = 4*d + 20, 2*d + 28 = -5*b. What is y(d)?
-3
Let s = 10 - 4. Suppose 8 = 2*n + 2. Let p(q) = 3*q**3 - 7*q**2 - 8*q - 4. Let c(t) = -4*t**3 + 8*t**2 + 9*t + 3. Let z(a) = n*p(a) + 2*c(a). What is z(s)?
-6
Let o(i) be the third derivative of 0 - 1/720*i**6 + 0*i + 1/24*i**4 - i**2 + 1/120*i**5 + 0*i**3. Let c(r) be the second derivative of o(r). Determine c(-5).
6
Let g(a) = a**3 + a. Let d be g(0). Suppose d = -s + 5*s + 20. Let t(z) = z**3 + 4*z**2 - 4*z. Give t(s).
-5
Let h(b) be the third derivative of b**5/60 - 5*b**3/3 - b**2. Suppose -16 = -a - 4*l, 8*a = 3*a + 5*l - 20. Give h(a).
-10
Let u(s) = -7*s**2 - 5*s. Let t(l) = 4*l**2 + 3*l. Let f(q) = -5*t(q) - 3*u(q). Determine f(-4).
16
Let p(w) = w. Let s(j) = 4*j + 1. Let f(t) = t + 4. Let a be f(-5). Let z = 0 + a. Let u(d) = z*s(d) + 3*p(d). Calculate u(-2).
1
Let b(d) = 1 + 7 + 64*d - 65*d. What is b(7)?
1
Let m = 11 - 16. Let l(y) = y - 10. Let r(b) be the first derivative of -b + 3. Let j(d) = l(d) - 5*r(d). Determine j(m).
-10
Let s(b) = -b - 10. Suppose -4*u + 9*u = 5*k + 30, -9 = k - 4*u. Let m(p) = 2*p - 1. Let o be m(k). Let i be s(o). Let q(z) = -z - 1. Give q(i).
-2
Let p(t) = 2*t - 1. Suppose 2*o + 13 = 5*s, 2*o + 0*o = 2*s - 4. Give p(s).
5
Let r(t) be the first derivative of -t**2/2 - 1. Let q be (3 + -3)/((-1)/(-1)). Suppose q = -5*z + d - 3, -3*z + 0*z + 6 = 2*d. What is r(z)?
0
Let i(n) = -n + 10*n**3 - n + 1 - 3*n**3 - 5*n**3 + n**2. Calculate i(1).
2
Let z(b) be the third derivative of -b**4/24 + b**3/2 - 11*b**2. Determine z(-4).
7
Suppose 0 = -2*i, -6*i + 3*i = 4*w + 4. Let f(v) = 6*v - 1. Determine f(w).
-7
Let i(s) = -3*s - 2. Let x be i(-2). Suppose -x = -2*m - 0. Let t(n) = 4*n - n + 2*n**m + 0*n - n**2. Calculate t(-4).
4
Let w(f) = 6*f**3 + f**2 + f + 1. Let k(r) = 6*r - 4. Let j be k(4). Suppose -3*c = 2*c - j. Suppose -5*z + d = 7, c = 4*z + 2*d + 2*d. Calculate w(z).
-5
Let j(m) = m**2 - 6*m - 6. Let n be 183/27 - 4*2/(-36). Calculate j(n).
1
Suppose -5*k - 28 = -3*t, -3*k - 14 = 3*t - 2. Let z be 0 + (2/t)/1. Let d(v) = 7*v - 15. Let f(y) = -3*y + 8. Let g(h) = z*d(h) + 5*f(h). What is g(0)?
10
Let w(t) be the second derivative of t**6/120 - t**5/60 + t**3/6 - t**2/2 - t. Let h(o) be the first derivative of w(o). Let a = 4 - 3. Calculate h(a